NOAA-Style Climate Reports


Report for 2020 March
                   Monthly Climatological Summary for Mar 2020

Name: BeeWeather.com   City: West Central Crenshaw County   State: Alabama
Elevation: 420 ft  Lat: N 31° 43' 59"   Lon: W 086° 21' 16"

                  Temperature (°F), Rain (in), Wind Speed (mph)

                                      Heat  Cool        Avg
    Mean                              Deg   Deg         Wind                 Dom
Day Temp  High   Time   Low    Time   Days  Days  Rain  Speed High   Time    Dir
----------------------------------------------------------------------------------
 1  54.7  70.5   3:00p  37.1   4:17a  11.1   0.8  0.00   2.8  15.0  12:38p    SE
 2  63.8  72.8   3:21p  54.6   4:48a   3.3   2.1  0.01   4.2  20.0  11:51a   SSE
 3  70.7  80.6   1:21p  66.5  10:53p   0.0   5.7  0.00   3.7  19.0  11:54a     S
 4  61.7  68.8   4:57a  54.8   9:39p   4.1   0.8  2.61   2.9  21.0   6:31a   NNE
 5  56.9  61.0   1:30p  53.0  12:00a   8.2   0.0  0.41   2.8  15.0   4:15a     N
 6  54.2  64.0   2:45p  45.1  11:35p  10.6   0.0  0.01   4.5  24.0   9:00a   WNW
 7  49.0  63.3   3:22p  37.4   6:10a  16.0   0.0  0.00   2.6  16.0  10:40a    NW
 8  54.7  69.9   3:51p  40.6   7:15a  10.6   0.7  0.00   2.6  16.0  11:17a   ESE
 9  60.2  73.5   3:34p  47.9   5:03a   6.8   1.9  0.00   3.4  20.0  11:37a    SE
10  63.6  71.5  12:39p  57.1   7:19a   2.9   1.6  0.00   1.8  10.0   1:05a   SSE
11  66.8  77.9   4:41p  59.3   1:35a   1.7   3.5  0.01   1.8  14.0   1:50p    SW
12  69.7  83.4   3:59p  60.8   2:13a   1.0   5.7  0.00   2.9  14.0   3:18p     S
13  71.3  82.5   3:07p  64.0  12:21a   0.1   6.4  0.00   1.9  13.0  10:43a   SSW
14  71.5  84.6   4:38p  63.3   2:31a   0.2   6.7  0.00   1.6  11.0   1:45p     S
15  71.6  85.6   3:45p  60.7   5:30a   1.0   7.7  0.00   1.3  12.0   1:00p     W
16  71.3  83.9   2:29p  61.9   6:45a   0.6   6.8  0.00   1.8  12.0  12:58p    SE
17  69.9  80.0   2:07p  61.4   4:44a   0.8   5.7  0.00   1.1   9.0   1:42p    SE
18  71.2  81.8   4:30p  63.6   2:48a   0.1   6.3  0.00   2.6  15.0  12:43p    SE
19  71.7  86.4   4:07p  63.2   2:21a   0.1   6.9  0.00   2.8  16.0   4:49p   SSE
20  73.6  86.2   3:19p  64.8   2:37a   0.0   8.6  0.00   2.6  19.0  12:44p   SSE
21  67.3  76.1   2:09p  58.1  11:59p   0.6   2.9  0.00   2.5  15.0   5:28p    NW
22  60.9  71.0   4:54p  55.2   3:20a   4.8   0.7  0.37   1.8  15.0  10:42a     N
23  71.2  82.7   3:11p  63.2  12:00a   0.2   6.4  0.02   2.3  14.0  11:27a   SSE
24  74.6  85.1   3:06p  68.1   7:05a   0.0   9.6  0.00   3.5  21.0   3:30p     S
25  74.6  85.8   3:59p  63.6  11:59p   0.0   9.6  0.00   2.6  17.0  12:50a   WSW
26  71.8  88.0   4:06p  57.2   7:06a   2.0   8.8  0.00   1.7  13.0   2:21p    SE
27  75.2  87.8   4:36p  63.0   1:43a   0.1  10.4  0.00   2.5  12.0   4:07p   SSE
28  76.8  88.4   3:45p  69.0  12:51a   0.0  11.8  0.00   3.3  17.0   2:13p   SSE
29  74.8  83.6  12:41p  63.9  11:58p   0.0   9.8  0.00   2.4  13.0  10:57a   WSW
30  68.8  82.0   2:26p  61.3   2:39a   0.9   4.7  0.00   1.3  11.0   9:44a    NW
31  63.4  74.8   3:16p  51.3  11:57p   3.3   1.7  0.38   4.3  31.0   7:09p     W
----------------------------------------------------------------------------------
    67.0  88.4    28    37.1     1    91.1 154.3  3.82   2.6  31.0    31       S

Max >=  80.0: 18
Max <=  32.0:  0
Min <=  32.0:  0
Min <=   0.0:  0
Max Rain: 2.61 on day 4
Days of Rain: 8 (>= 0.01 in)  4 (>= 0.10 in)  1 (>= 1.00 in)
Heat Base: 65.0  Cool Base: 65.0  Method: Integration