NOAA-Style Climate Reports

Select a Year or Month report
2019: Jan Feb Mar Apr May Jun Jul Aug Sep Oct Nov Dec
2018: Jan Feb Mar Apr May Jun Jul Aug Sep Oct Nov Dec
2017: Jan Feb Mar Apr May Jun Jul Aug Sep Oct Nov Dec
2016: Jan Feb Mar Apr May Jun Jul Aug Sep Oct Nov Dec
2015: Jan Feb Mar Apr May Jun Jul Aug Sep Oct Nov Dec
2014: Jan Feb Mar Apr May Jun Jul Aug Sep Oct Nov Dec
2013: Jan Feb Mar Apr May Jun Jul Aug Sep Oct Nov Dec

Report for 2019 April
                   Monthly Climatological Summary for Apr 2019

Name: BeeWeather.com   City: West Central Crenshaw County   State: Alabama
Elevation: 420 ft  Lat: N 31° 43' 59"   Lon: W 086° 21' 16"

                  Temperature (°F), Rain (in), Wind Speed (mph)

                                      Heat  Cool        Avg
    Mean                              Deg   Deg         Wind                 Dom
Day Temp  High   Time   Low    Time   Days  Days  Rain  Speed High   Time    Dir
----------------------------------------------------------------------------------
 1  54.0  69.7   5:53p  41.1   6:46a  11.5   0.6  0.00   2.2  14.0  11:54a   NNE
 2  57.7  71.6   3:58p  44.2   6:36a   8.5   1.2  0.00   2.2  17.0  12:21p   WNW
 3  60.2  77.6   3:59p  43.7   5:57a   8.0   3.2  0.00   1.8  12.0  10:02a     E
 4  60.6  71.3  11:35a  50.6   6:34a   5.2   0.9  0.39   2.1  18.0  10:48a   ESE
 5  68.3  76.2  12:53p  62.3   6:29a   0.7   4.0  0.01   1.7  10.0   3:10p   SSE
 6  71.2  82.5   3:29p  67.3   4:26a   0.0   6.2  0.26   1.7  14.0   4:15p    SE
 7  73.2  81.1   4:05p  68.1   7:14a   0.0   8.2  0.00   2.2  14.0  12:13p    SE
 8  70.9  77.1   4:59p  66.8  11:30p   0.0   5.9  0.27   3.6  22.0  11:17a    SE
 9  69.6  78.1   5:22p  61.6   6:37a   0.3   4.9  0.00   2.0  13.0   4:21p   SSW
10  72.1  88.2   5:20p  59.2   7:08a   1.2   8.3  0.00   1.6  10.0  10:54a   NNW
11  72.5  85.8   3:19p  60.2   6:15a   0.9   8.4  0.00   3.5  19.0  11:29a    SE
12  70.9  80.2   2:15p  63.4   6:43a   0.2   6.1  0.00   1.5  10.0   2:36a    SE
13  74.1  86.6   3:31p  62.2   6:29a   0.5   9.6  0.00   4.5  22.0   3:40p    SE
14  71.3  84.2   2:24p  53.1  11:59p   1.7   8.0  2.48   6.6  24.0   4:00a     S
15  57.9  72.1   4:44p  44.3   6:18a   8.3   1.3  0.00   3.6  19.0   2:47p   WNW
16  63.4  81.8   4:58p  47.2   5:41a   6.2   4.5  0.00   1.5  15.0  10:42a   ESE
17  66.8  80.7   3:44p  53.2   6:23a   3.5   5.4  0.00   1.7  18.0   3:03p    SE
18  70.9  82.0   1:43p  58.4   6:20a   1.0   6.9  0.31   5.4  23.0   4:25p    SE
19  60.7  73.4  12:38a  49.3  11:54p   5.2   0.9  3.44   4.5  28.0   1:36a   WSW
20  56.9  69.8   4:05p  47.3  11:59p   8.8   0.7  0.00   4.1  21.0   3:18p   WSW
21  60.5  80.1   5:18p  41.9   5:28a   8.4   4.0  0.00   1.2  12.0  12:02p     W
22  65.6  85.7   5:47p  48.2   6:09a   5.5   6.2  0.00   1.1  10.0   1:36p     W
23  68.0  84.0   3:26p  51.6   5:41a   3.7   6.7  0.00   1.2  12.0   1:44p     S
----------------------------------------------------------------------------------
    66.0  88.2    10    41.1     1    89.3 112.1  7.16   2.7  28.0    19       S

Max >=  80.0: 13
Max <=  32.0:  0
Min <=  32.0:  0
Min <=   0.0:  0
Max Rain: 3.44 on day 19
Days of Rain: 7 (>= 0.01 in)  6 (>= 0.10 in)  2 (>= 1.00 in)
Heat Base: 65.0  Cool Base: 65.0  Method: Integration