NOAA-Style Climate Reports


Report for 2020 May
                   Monthly Climatological Summary for May 2020

Name: BeeWeather.com   City: West Central Crenshaw County   State: Alabama
Elevation: 420 ft  Lat: N 31° 43' 59"   Lon: W 086° 21' 16"

                  Temperature (°F), Rain (in), Wind Speed (mph)

                                      Heat  Cool        Avg
    Mean                              Deg   Deg         Wind                 Dom
Day Temp  High   Time   Low    Time   Days  Days  Rain  Speed High   Time    Dir
----------------------------------------------------------------------------------
 1  64.5  81.3   4:36p  47.0   6:12a   5.8   5.3  0.00   1.6  14.0   3:17p     W
 2  68.6  86.7   4:09p  49.7   6:05a   4.3   7.9  0.00   1.3  12.0  12:53p   SSE
 3  71.0  87.3   3:26p  54.0   6:00a   2.6   8.5  0.00   1.6  12.0   1:56p   SSW
 4  73.8  89.0   3:40p  59.6   6:20a   1.0   9.8  0.00   1.5  12.0   2:10p     S
 5  74.3  87.1   3:01p  60.5   5:16a   0.6   9.9  0.00   2.0  16.0   2:31p    SW
 6  70.9  80.8   3:33p  57.7  11:59p   0.7   6.6  0.00   5.1  28.0   4:59p   WNW
 7  59.7  74.2   4:51p  44.5   6:38a   7.3   2.0  0.00   2.3  16.0   8:52a   WNW
 8  63.5  77.4   1:36p  47.3   4:29a   5.3   3.8  0.02   3.4  28.0   3:45p     S
 9  60.3  73.0   3:14p  48.7   6:05a   6.0   1.3  0.00   3.2  16.0  12:04a    NW
10  63.3  80.8   2:59p  46.4   6:03a   6.5   4.8  0.00   1.8  13.0   3:39p    NW
11  63.7  78.6   3:15p  48.1   5:24a   5.5   4.2  0.00   3.0  17.0   2:02p   WNW
12  65.4  82.8   5:00p  47.8   6:02a   5.5   5.8  0.00   1.5  14.0   3:05p   ENE
13  70.8  88.3   3:52p  52.8   5:10a   3.1   8.9  0.00   2.2  20.0  11:39a    SE
14  73.3  86.8   4:05p  61.1   5:01a   0.8   9.1  0.00   2.8  18.0   4:08p   ESE
15  73.6  85.5   2:55p  62.7   5:32a   0.2   8.8  0.00   2.2  14.0   9:31a   ESE
16  76.0  90.3   3:07p  62.5   4:21a   0.3  11.4  0.00   2.2  13.0  12:03p     E
17  73.9  85.0  10:50a  64.3   3:26a   0.0   9.0  0.07   2.3  18.0  12:44p    SE
18  72.6  78.7   9:53a  67.5  11:42a   0.0   7.6  0.62   2.6  22.0  10:32a    SE
19  74.2  88.3   4:13p  61.1   5:55a   0.4   9.6  0.02   1.7  16.0   6:21p    SW
20  72.4  84.6   4:47p  63.8   6:26a   0.1   7.5  0.12   1.8  12.0   9:54a   WNW
21  70.1  80.6   1:06p  61.6   3:33a   0.8   5.9  0.03   1.4  12.0   7:12p   ENE
22  73.7  90.5   2:56p  65.0   2:45a   0.0   8.7  0.65   2.0  19.0   3:45p   SSE
23  76.8  90.7   3:55p  66.1   2:56a   0.0  11.8  0.00   2.1  20.0   7:06p    SE
24  76.6  92.4   4:44p  66.8   5:42a   0.0  11.6  0.02   1.6  19.0   6:35p     E
25  77.6  90.3   3:27p  69.0   4:26a   0.0  12.6  0.02   2.6  17.0   7:46p     E
26  72.8  76.6  12:13p  70.1   2:20a   0.0   7.8  0.95   1.9  19.0  11:10p   ENE
27  73.9  83.8   4:54p  68.8   3:34a   0.0   9.0  0.03   1.1  20.0   2:59p   ESE
28  78.4  89.2   2:30p  68.8   4:38a   0.0  13.2  0.00   1.5  12.0  10:45a     S
29  78.9  89.5   3:42p  70.1   5:19a   0.0  13.8  0.00   1.3   9.0  12:29p    SW
30  79.1  90.2   3:51p  68.9   5:56a   0.0  14.1  0.00   1.6  12.0   3:07p   WNW
31  76.9  88.6   4:04p  65.2   6:07a   0.0  11.9  0.00   2.4  16.0   3:21p    NW
----------------------------------------------------------------------------------
    71.6  92.4    24    44.5     7    56.8 262.2  2.55   2.1  28.0     6       S

Max >=  80.0: 25
Max <=  32.0:  0
Min <=  32.0:  0
Min <=   0.0:  0
Max Rain: 0.95 on day 26
Days of Rain: 11 (>= 0.01 in)  4 (>= 0.10 in)  0 (>= 1.00 in)
Heat Base: 65.0  Cool Base: 65.0  Method: Integration