NOAA-Style Climate Reports

Select a Year or Month report
2018: Jan Feb Mar Apr May Jun Jul Aug Sep Oct Nov Dec
2017: Jan Feb Mar Apr May Jun Jul Aug Sep Oct Nov Dec
2016: Jan Feb Mar Apr May Jun Jul Aug Sep Oct Nov Dec
2015: Jan Feb Mar Apr May Jun Jul Aug Sep Oct Nov Dec
2014: Jan Feb Mar Apr May Jun Jul Aug Sep Oct Nov Dec
2013: Jan Feb Mar Apr May Jun Jul Aug Sep Oct Nov Dec

Report for 2018 February
                   Monthly Climatological Summary for Feb 2018

Name: BeeWeather.com   City: West Central Crenshaw County   State: Alabama
Elevation: 420 ft  Lat: N 31° 43' 59"   Lon: W 086° 21' 16"

                  Temperature (°F), Rain (in), Wind Speed (mph)

                                      Heat  Cool        Avg
    Mean                              Deg   Deg         Wind                 Dom
Day Temp  High   Time   Low    Time   Days  Days  Rain  Speed High   Time    Dir
----------------------------------------------------------------------------------
 1  57.0  67.2   2:37p  46.0  12:52a   8.2   0.2  0.00   2.9  12.0  12:31p    SE
 2  46.3  59.3   1:13a  34.8  11:46p  18.7   0.0  0.07   5.0  23.0  12:46p    NW
 3  44.8  58.1   2:46p  29.9   6:24a  20.2   0.0  0.07   2.2  17.0  10:30a     E
 4  54.7  62.4   3:09p  44.4  11:59p  10.3   0.0  0.24   4.3  22.0   6:24a   SSW
 5  50.7  67.5   4:06p  37.9   6:49a  14.4   0.1  0.00   1.5  11.0   8:43a    NW
 6  61.8  77.9   1:31p  46.0   3:20a   6.4   3.2  0.00   2.9  15.0   1:49p    SE
 7  61.2  70.9   9:22a  47.1  11:58p   4.3   0.5  0.34   4.3  24.0   9:40a   SSW
 8  49.1  63.9   3:06p  39.9   6:41a  15.9   0.0  0.00   2.7  16.0   3:05a    NW
 9  53.0  60.9   1:39p  41.5  12:00a  11.9   0.0  0.01   2.0  10.0   7:15a     E
10  63.3  69.1   3:26p  56.6   3:24a   3.2   1.5  0.26   3.7  18.0  12:15p    SE
11  65.3  66.7  12:00a  63.6  11:32p   0.1   0.5  1.03   3.8  13.0   4:41p    SE
12  57.5  63.9   3:26a  53.2   8:52a   7.5   0.0  0.04   2.4  13.0   6:32a    NW
13  60.5  68.0   1:17p  53.1   6:46a   5.1   0.6  0.00   1.7  10.0   9:33a   NNE
14  60.6  66.7   3:45p  55.8   6:26a   4.5   0.1  0.00   2.4  12.0   1:48p   ESE
15  68.0  76.7   3:29p  61.4  12:00a   0.8   3.8  0.00   3.5  15.0   2:36p   SSE
16  70.8  79.5   2:06p  64.8   6:19a   0.0   5.8  0.00   3.0  23.0   9:28a    SW
17  68.7  80.9   3:37p  61.1   6:31a   0.8   4.5  0.00   2.7  20.0  12:55p   SSW
18  68.4  79.5   2:57p  62.1   6:20a   0.6   4.0  0.00   1.8  10.0   1:02p   SSE
19  68.9  80.7   1:22p  59.6   3:40a   1.1   5.0  0.00   3.0  19.0   1:26p    SE
20  70.0  80.2   3:20p  59.5   5:10a   1.2   6.2  0.00   4.0  23.0   3:29p    SE
21  73.0  83.3   1:11p  66.3   6:03a   0.0   8.0  0.00   4.1  19.0   3:34p    SE
22  71.8  84.4   2:32p  64.6  11:58p   0.0   6.8  0.00   1.8  13.0   2:17p    SE
23  70.9  84.0   2:50p  60.3   5:46a   1.0   6.9  0.00   2.8  15.0  12:26p    SE
24  70.3  83.4   2:00p  63.0   2:41a   0.3   5.6  0.00   4.5  23.0   4:07p   SSE
25  66.6  73.9   8:18a  60.3   9:28a   0.7   2.4  0.06   2.7  22.0   9:02a     S
26  62.9  72.4   1:55p  56.2  11:58p   3.5   1.3  1.36   2.7  16.0   2:17a   NNW
27  61.7  75.8   3:04p  47.9   6:18a   5.6   2.3  0.00   2.7  14.0   2:49p     E
28  67.3  80.3   3:41p  57.4   5:42a   2.5   4.8  0.00   3.9  18.0   5:02p    SE
----------------------------------------------------------------------------------
    62.3  84.4    22    29.9     3   148.8  74.1  3.48   3.0  24.0     7     SSE

Max >=  80.0:  8
Max <=  32.0:  0
Min <=  32.0:  1
Min <=   0.0:  0
Max Rain: 1.36 on day 26
Days of Rain: 10 (>= 0.01 in)  5 (>= 0.10 in)  2 (>= 1.00 in)
Heat Base: 65.0  Cool Base: 65.0  Method: Integration